{"id":1210,"date":"2024-11-26T15:51:22","date_gmt":"2024-11-26T12:51:22","guid":{"rendered":"https:\/\/licecohd.eu\/?page_id=1210"},"modified":"2024-11-26T16:41:17","modified_gmt":"2024-11-26T13:41:17","slug":"ipt-2025-2026","status":"publish","type":"page","link":"https:\/\/licecohd.eu\/index.php\/ipt-2025-2026\/","title":{"rendered":"IPT 2025-2026"},"content":{"rendered":"\n<p class=\"has-text-align-center\"><strong>Oportunit\u0103\u021bi pentru operatorii economici de a solicita                                                                          clase de \u00eenv\u0103\u021b\u0103m\u00e2nt preuniversitar dual sau\/\u0219i profesional <\/strong><\/p>\n\n\n\n<p>                                                       <strong>\u00cen aten\u021bia operatorilor economici<\/strong>!<\/p>\n\n\n\n<p>Cifra de \u0219colarizare \u00een \u00eenv\u0103\u021b\u0103m\u00e2ntul profesional \u0219i dual se stabile\u0219te anual la solicitarea operatorilor economici lu\u00e2nd \u00een considerare nevoile pie\u021bei muncii.<br>\u00cen acest context inform\u0103m operatorii economici din Hunedoara despre oportunitatea de implicare \u00een organizarea \u0219i desf\u0103\u0219urarea procesului de formare pentru ob\u021binerea unei calific\u0103ri profesionale a absolven\u021bilor de clasa a VIII-a prin \u00eenv\u0103\u021b\u0103m\u00e2ntul profesional sau \u00eenv\u0103\u021b\u0103m\u00e2ntul dual pentru anul \u0219colar 2025-2026.<br>\u00cenv\u0103\u021b\u0103m\u00e2ntul prfofesional are ca obiectiv principal formarea competen\u021belor profesionale specifice unei calific\u0103ri profesionale nivel 3 confoirm Cadrului Na\u021bional al Calific\u0103rilor, corespunz\u0103tor nivelului de referin\u021b\u0103 3 al Cadrului European al Calific\u0103rilor.<br>\u00cenv\u0103\u021b\u0103m\u00e2ntul dual este o form\u0103 de organizare a \u00eenv\u0103\u021b\u0103m\u00e2ntului profesional \u0219iu tehnic, la ini\u021biativa operatorilor economici interesa\u021bi \u00een calitate de poten\u021biali angajatori \u0219i parteneri de practic\u0103, asigur\u00e2nd oportunit\u0103\u021bi sporite de educa\u021bie \u0219i formare profesional\u0103 de calitate, \u00een rela\u021bie cu un poten\u021bial loc de munc\u0103.<br>Operatorii economici interesa\u021bi pot solicita clase de \u00eenv\u0103\u021b\u0103m\u00e2nt profesional sau dual p\u00e2n\u0103 la data de 9 decembrie 2024 cu respectarea prevederilor stabilite prin metodologia de organizare \u0219i func\u021bionare a \u00eenv\u0103\u021b\u0103m\u00e2ntului dual, aprobat\u0103 prin OME nr. 5732\/2022, metodologia de acces \u0219i de organizare \u0219i desf\u0103\u0219urare a admiterii \u00een \u00eenv\u0103\u021b\u0103m\u00e2ntul dual pentru calific\u0103ri profesionale de nivel 4, conform Cadrului na\u021bional al calific\u0103rilor aprobat\u0103 prin OME 5733\/2022.<br>Solicit\u0103rile operatorilor pentru \u00eenv\u0103\u021b\u0103m\u00e2ntul dual vor fi transmise pe adresele de email: registratura.cndipt@gmail.com \u0219i luiza.cioara@isj.hd.edu.ro (conform anexei 7)<br>Solicit\u0103rile operatorilor economici pentru \u00eenv\u0103\u021b\u0103m\u00e2ntul profesional vor fi transmise pe adresele de email ale unit\u0103\u021bilor de \u00eenv\u0103\u021b\u0103m\u00e2nt profesional \u0219i tehnic cu care doresc s\u0103 \u00eencheie contracte de preg\u0103tire practic\u0103 \u0219i la adresa luiza.cioara@isj.hd.edu.ro (conform anexei 6).<br>Anexele \u00een format editabil pot fi desc\u0103rcate de pe site-ul Inspectoratului \u0218colar Jude\u021bean Hunedoara (<a href=\"http:\/\/forum.isj.hd.edu.ro\/\" data-type=\"link\" data-id=\"forum.isj.hd.edu.ro\/\">forum.isj.hd.edu.ro\/<\/a>).<\/p>\n\n\n\n<div data-wp-interactive=\"core\/file\" class=\"wp-block-file\"><object data-wp-bind--hidden=\"!state.hasPdfPreview\"  class=\"wp-block-file__embed\" data=\"https:\/\/licecohd.eu\/wp-content\/uploads\/2024\/11\/Mon.-Of.-nr.1125_OUG-128_7.noi_.2024.pdf\" type=\"application\/pdf\" style=\"width:100%;height:600px\" aria-label=\"\u00cenglobare pentru Mon. Of. nr.1125_OUG 128_7.noi.2024.\"><\/object><a id=\"wp-block-file--media-325a9a30-f0cf-45d6-8def-28fb8333f3e0\" href=\"https:\/\/licecohd.eu\/wp-content\/uploads\/2024\/11\/Mon.-Of.-nr.1125_OUG-128_7.noi_.2024.pdf\">Mon. Of. nr.1125_OUG 128_7.noi.2024<\/a><a href=\"https:\/\/licecohd.eu\/wp-content\/uploads\/2024\/11\/Mon.-Of.-nr.1125_OUG-128_7.noi_.2024.pdf\" class=\"wp-block-file__button wp-element-button\" download aria-describedby=\"wp-block-file--media-325a9a30-f0cf-45d6-8def-28fb8333f3e0\">Descarc\u0103<\/a><\/div>\n\n\n\n<div data-wp-interactive=\"core\/file\" class=\"wp-block-file\"><object data-wp-bind--hidden=\"!state.hasPdfPreview\"  class=\"wp-block-file__embed\" data=\"https:\/\/licecohd.eu\/wp-content\/uploads\/2024\/11\/1.-OME_7436_19.11.2024.pdf\" type=\"application\/pdf\" style=\"width:100%;height:600px\" aria-label=\"\u00cenglobare pentru 1. OME_7436_19.11.2024.\"><\/object><a id=\"wp-block-file--media-8cc2023a-7b45-4f5b-9c4f-d811804a03af\" href=\"https:\/\/licecohd.eu\/wp-content\/uploads\/2024\/11\/1.-OME_7436_19.11.2024.pdf\">1. OME_7436_19.11.2024<\/a><a href=\"https:\/\/licecohd.eu\/wp-content\/uploads\/2024\/11\/1.-OME_7436_19.11.2024.pdf\" class=\"wp-block-file__button wp-element-button\" download aria-describedby=\"wp-block-file--media-8cc2023a-7b45-4f5b-9c4f-d811804a03af\">Descarc\u0103<\/a><\/div>\n\n\n\n<div data-wp-interactive=\"core\/file\" class=\"wp-block-file\"><object data-wp-bind--hidden=\"!state.hasPdfPreview\"  class=\"wp-block-file__embed\" data=\"https:\/\/licecohd.eu\/wp-content\/uploads\/2024\/11\/2.-anexa-1.pdf\" type=\"application\/pdf\" style=\"width:100%;height:600px\" aria-label=\"\u00cenglobare pentru 2. anexa 1.\"><\/object><a id=\"wp-block-file--media-f9a353b8-768a-49ca-b761-d77d71f5ee98\" href=\"https:\/\/licecohd.eu\/wp-content\/uploads\/2024\/11\/2.-anexa-1.pdf\">2. anexa 1<\/a><a href=\"https:\/\/licecohd.eu\/wp-content\/uploads\/2024\/11\/2.-anexa-1.pdf\" class=\"wp-block-file__button wp-element-button\" download aria-describedby=\"wp-block-file--media-f9a353b8-768a-49ca-b761-d77d71f5ee98\">Descarc\u0103<\/a><\/div>\n\n\n\n<div data-wp-interactive=\"core\/file\" class=\"wp-block-file\"><object data-wp-bind--hidden=\"!state.hasPdfPreview\"  class=\"wp-block-file__embed\" data=\"https:\/\/licecohd.eu\/wp-content\/uploads\/2024\/11\/3.Anexe-2-4.pdf\" type=\"application\/pdf\" style=\"width:100%;height:600px\" aria-label=\"\u00cenglobare pentru 3.Anexe 2-4.\"><\/object><a id=\"wp-block-file--media-790120ec-985d-448b-bfe6-7191da5cca8e\" href=\"https:\/\/licecohd.eu\/wp-content\/uploads\/2024\/11\/3.Anexe-2-4.pdf\">3.Anexe 2-4<\/a><a href=\"https:\/\/licecohd.eu\/wp-content\/uploads\/2024\/11\/3.Anexe-2-4.pdf\" class=\"wp-block-file__button wp-element-button\" download aria-describedby=\"wp-block-file--media-790120ec-985d-448b-bfe6-7191da5cca8e\">Descarc\u0103<\/a><\/div>\n\n\n\n<div data-wp-interactive=\"core\/file\" class=\"wp-block-file\"><object data-wp-bind--hidden=\"!state.hasPdfPreview\"  class=\"wp-block-file__embed\" data=\"https:\/\/licecohd.eu\/wp-content\/uploads\/2024\/11\/4.-anexa-5.pdf\" type=\"application\/pdf\" style=\"width:100%;height:600px\" aria-label=\"\u00cenglobare pentru 4. anexa 5.\"><\/object><a id=\"wp-block-file--media-9cde122b-7ba3-47de-bc09-d891661d28e8\" href=\"https:\/\/licecohd.eu\/wp-content\/uploads\/2024\/11\/4.-anexa-5.pdf\">4. anexa 5<\/a><a href=\"https:\/\/licecohd.eu\/wp-content\/uploads\/2024\/11\/4.-anexa-5.pdf\" class=\"wp-block-file__button wp-element-button\" download aria-describedby=\"wp-block-file--media-9cde122b-7ba3-47de-bc09-d891661d28e8\">Descarc\u0103<\/a><\/div>\n\n\n\n<div data-wp-interactive=\"core\/file\" class=\"wp-block-file\"><object data-wp-bind--hidden=\"!state.hasPdfPreview\"  class=\"wp-block-file__embed\" data=\"https:\/\/licecohd.eu\/wp-content\/uploads\/2024\/11\/6.-anexa-6.pdf\" type=\"application\/pdf\" style=\"width:100%;height:600px\" aria-label=\"\u00cenglobare pentru 6. anexa 6.\"><\/object><a id=\"wp-block-file--media-e5c22e71-af77-4314-a7bc-d3e3cde2e7c1\" href=\"https:\/\/licecohd.eu\/wp-content\/uploads\/2024\/11\/6.-anexa-6.pdf\">6. anexa 6<\/a><a href=\"https:\/\/licecohd.eu\/wp-content\/uploads\/2024\/11\/6.-anexa-6.pdf\" class=\"wp-block-file__button wp-element-button\" download aria-describedby=\"wp-block-file--media-e5c22e71-af77-4314-a7bc-d3e3cde2e7c1\">Descarc\u0103<\/a><\/div>\n\n\n\n<div data-wp-interactive=\"core\/file\" class=\"wp-block-file\"><object data-wp-bind--hidden=\"!state.hasPdfPreview\"  class=\"wp-block-file__embed\" data=\"https:\/\/licecohd.eu\/wp-content\/uploads\/2024\/11\/7.-anexa-7.doc.pdf\" type=\"application\/pdf\" style=\"width:100%;height:600px\" aria-label=\"\u00cenglobare pentru 7. anexa 7.doc.\"><\/object><a id=\"wp-block-file--media-fe115f28-1c50-49db-9fb8-ec24ecda30dc\" href=\"https:\/\/licecohd.eu\/wp-content\/uploads\/2024\/11\/7.-anexa-7.doc.pdf\">7. anexa 7.doc<\/a><a href=\"https:\/\/licecohd.eu\/wp-content\/uploads\/2024\/11\/7.-anexa-7.doc.pdf\" class=\"wp-block-file__button wp-element-button\" download aria-describedby=\"wp-block-file--media-fe115f28-1c50-49db-9fb8-ec24ecda30dc\">Descarc\u0103<\/a><\/div>\n","protected":false},"excerpt":{"rendered":"<p>Oportunit\u0103\u021bi pentru operatorii economici de a solicita clase de \u00eenv\u0103\u021b\u0103m\u00e2nt preuniversitar dual sau\/\u0219i profesional \u00cen aten\u021bia operatorilor economici! Cifra de \u0219colarizare \u00een \u00eenv\u0103\u021b\u0103m\u00e2ntul profesional \u0219i dual se stabile\u0219te anual la solicitarea operatorilor economici lu\u00e2nd \u00een considerare nevoile pie\u021bei muncii.\u00cen acest context inform\u0103m operatorii economici din Hunedoara despre oportunitatea de implicare \u00een organizarea \u0219i desf\u0103\u0219urarea procesului &hellip; <a href=\"https:\/\/licecohd.eu\/index.php\/ipt-2025-2026\/\" class=\"more-link\">Continu\u0103 s\u0103 cite\u0219ti <span class=\"screen-reader-text\">IPT 2025-2026<\/span><\/a><\/p>\n","protected":false},"author":1,"featured_media":0,"parent":0,"menu_order":0,"comment_status":"closed","ping_status":"closed","template":"","meta":{"footnotes":""},"class_list":["post-1210","page","type-page","status-publish","hentry"],"_links":{"self":[{"href":"https:\/\/licecohd.eu\/index.php\/wp-json\/wp\/v2\/pages\/1210"}],"collection":[{"href":"https:\/\/licecohd.eu\/index.php\/wp-json\/wp\/v2\/pages"}],"about":[{"href":"https:\/\/licecohd.eu\/index.php\/wp-json\/wp\/v2\/types\/page"}],"author":[{"embeddable":true,"href":"https:\/\/licecohd.eu\/index.php\/wp-json\/wp\/v2\/users\/1"}],"replies":[{"embeddable":true,"href":"https:\/\/licecohd.eu\/index.php\/wp-json\/wp\/v2\/comments?post=1210"}],"version-history":[{"count":9,"href":"https:\/\/licecohd.eu\/index.php\/wp-json\/wp\/v2\/pages\/1210\/revisions"}],"predecessor-version":[{"id":1231,"href":"https:\/\/licecohd.eu\/index.php\/wp-json\/wp\/v2\/pages\/1210\/revisions\/1231"}],"wp:attachment":[{"href":"https:\/\/licecohd.eu\/index.php\/wp-json\/wp\/v2\/media?parent=1210"}],"curies":[{"name":"wp","href":"https:\/\/api.w.org\/{rel}","templated":true}]}}