{"id":1378,"date":"2025-12-03T16:36:45","date_gmt":"2025-12-03T13:36:45","guid":{"rendered":"https:\/\/licecohd.eu\/?page_id=1378"},"modified":"2025-12-03T17:01:41","modified_gmt":"2025-12-03T14:01:41","slug":"ipt-2026-2027","status":"publish","type":"page","link":"https:\/\/licecohd.eu\/index.php\/ipt-2026-2027\/","title":{"rendered":"IPT 2026-2027"},"content":{"rendered":"\n<p class=\"has-text-align-center\">        <strong>Oportunit\u0103\u021bi pentru operatorii economici de a solicita clase de \u00eenv\u0103\u0163\u0103m\u00e2ntul liceal tehnologic dual \u015fi liceal tehnologic, de stat, pentru anul \u015fcolar 2026-2027<\/strong><br><\/p>\n\n\n\n<p class=\"has-text-align-center\">\u00cen aten\u021bia operatorilor economici!<\/p>\n\n\n\n<p>         Cifra de \u0219colarizare \u00een \u00eenv\u0103\u0163\u0103m\u00e2ntul liceal tehnologic dual \u015fi liceal tehnologic, de stat, pentru anul \u015fcolar 2026-2027 se stabile\u0219te anual la solicitarea operatorilor economici lu\u00e2nd \u00een considerare nevoile pie\u021bei muncii.<br>\u00cen acest context inform\u0103m operatorii economici din Hunedoara despre oportunitatea de implicare \u00een organizarea \u0219i desf\u0103\u0219urarea procesului de formare pentru ob\u021binerea unei calific\u0103ri profesionale a absolven\u021bilor de clasa a VIII-a prin \u00een \u00eenv\u0103\u0163\u0103m\u00e2ntul liceal tehnologic dual \u015fi liceal tehnologic, de stat pentru anul \u0219colar 2025-2026.<br>\u00cenv\u0103\u021b\u0103m\u00e2ntul preuniversitar tehnologic dual se organizeaz\u0103 pentru dob\u00e2ndirea de cuno\u0219tin\u021be, deprinderi \u0219i competen\u021be, preponderent pentru ocuparea unui loc de munc\u0103, pentru calific\u0103ri profesionale de nivel 3, 4 \u0219i 5 conform Cadrului na\u0163ional al calific\u0103rilor (CNC) \u0219i corelat cu Cadrul european al calific\u0103rilor (EQF).<br>Competen\u021bele cheie se dezvolt\u0103 \u00een contextul form\u0103rii profesionale, \u00een sprijinul integr\u0103rii cu succes pe pia\u021ba muncii, favoriz\u00e2nd totodat\u0103 continuarea studiilor \u0219i \u00eenv\u0103\u021barea pe tot parcursul vie\u021bii..<br>\u00cenv\u0103\u0163\u0103m\u00e2ntul preuniversitar tehnologic dual este o form\u0103 de organizare a \u00eenv\u0103\u0163\u0103m\u00e2ntului liceal \u015fi postliceal tehnologic, asigur\u0103 o rut\u0103 alternativ\u0103 de educa\u0163ie \u015fi formare profesional\u0103, organizat\u0103 pe baz\u0103 de parteneriat \u015fi conform unor contracte individuale de preg\u0103tire practic\u0103, \u00eencheiate cu operatorii economici care \u00ee\u015fi asum\u0103 ca responsabilitate principal\u0103 preg\u0103tirea practic\u0103 a elevilor;<br>\u00cenv\u0103\u0163\u0103m\u00e2ntul liceal tehnologic dual pentru nivelurile 3 \u0219i 4 de calificare, este organizat dup\u0103 clasa a VIII-a \u00cenv\u0103\u0163\u0103m\u00e2ntul liceal tehnologic dual pentru nivelurile 3 \u0219i 4 de calificare, se organizeaz\u0103 \u0219i func\u021bioneaz\u0103 de regul\u0103, ca \u00eenv\u0103\u0163\u0103m\u00e2nt cu frecven\u0163\u0103, cursuri de zi. Durata studiilor \u00een \u00eenv\u0103\u0163\u0103m\u00e2ntul liceal tehnologic dual pentru \u00eenv\u0103\u021b\u0103m\u00e2ntul de mas\u0103 este de 4 ani, \u00een conformitate cu planurile-cadru aprobate prin ordin al ministrului educa\u0163iei \u0219i cercet\u0103rii pentru \u00eenv\u0103\u021b\u0103m\u00e2ntul liceal tehnologic .<br>Operatorii economici interesa\u021bi pot solicita clase de \u00eenv\u0103\u021b\u0103m\u00e2nt profesional sau dual p\u00e2n\u0103 la data de 9 decembrie 2025 cu respectarea prevederilor stabilite prin metodologia de organizare \u0219i func\u021bionare a \u00eenv\u0103\u021b\u0103m\u00e2ntului dual, aprobat\u0103 prin Ordinul ministrului educa\u021biei \u0219i cercet\u0103rii nr. 6.700\/2025 pentru aprobarea Metodologiei privind organizarea, func\u021bionarea \u0219i accesul \u00een \u00eenv\u0103\u021b\u0103m\u00e2ntul liceal tehnologic dual, precum \u0219i modul de organizare \u0219i desf\u0103\u0219urare a examenului de certificare a calific\u0103rii.<br>Solicit\u0103rile operatorilor pentru \u00eenv\u0103\u021b\u0103m\u00e2ntul dual vor fi transmise pe adresele de email: <strong>registratura.cndipt@gmail.com<\/strong> \u0219i <strong>luiza.cioara@isj.hd.edu.ro<\/strong> (conform anexei 7)<br>Solicit\u0103rile operatorilor economici pentru \u00eenv\u0103\u021b\u0103m\u00e2ntul profesional vor fi transmise pe adresele de email ale unit\u0103\u021bilor de \u00eenv\u0103\u021b\u0103m\u00e2nt profesional \u0219i tehnic cu care doresc s\u0103 \u00eencheie contracte de preg\u0103tire practic\u0103 \u0219i la adresa luiza.cioara@isj.hd.edu.ro (conform anexei 6).<br>Anexele \u00een format editabil pot fi desc\u0103rcate de pe site-ul Inspectoratului \u0218colar Jude\u021bean Hunedoara (<strong>forum.isj.hd.edu.ro\/<\/strong>).<\/p>\n\n\n\n<iframe loading=\"lazy\" src=\"https:\/\/docs.google.com\/presentation\/d\/e\/2PACX-1vSNGwG6wr_beapoJESzvP0ODRb9FpoU4z_avXL7-ifi48yiyhRhPWlR6Kc0MqoVLw\/pubembed?start=true&#038;loop=true&#038;delayms=3000\" frameborder=\"0\" width=\"768\" height=\"461\" allowfullscreen=\"true\" mozallowfullscreen=\"true\" webkitallowfullscreen=\"true\"><\/iframe>\n\n\n\n<div data-wp-interactive=\"core\/file\" class=\"wp-block-file\"><object data-wp-bind--hidden=\"!state.hasPdfPreview\"  class=\"wp-block-file__embed\" data=\"https:\/\/licecohd.eu\/wp-content\/uploads\/2025\/12\/OM_6480_2024-complet-anexe-1-5-admitere_liceu_2025_2026.pdf\" type=\"application\/pdf\" style=\"width:100%;height:600px\" aria-label=\"\u00cenglobare pentru OM_6480_2024-complet-anexe-1-5-admitere_liceu_2025_2026.\"><\/object><a id=\"wp-block-file--media-1d7163c4-80a7-4afa-a691-fb5953356785\" href=\"https:\/\/licecohd.eu\/wp-content\/uploads\/2025\/12\/OM_6480_2024-complet-anexe-1-5-admitere_liceu_2025_2026.pdf\">OM_6480_2024-complet-anexe-1-5-admitere_liceu_2025_2026<\/a><a href=\"https:\/\/licecohd.eu\/wp-content\/uploads\/2025\/12\/OM_6480_2024-complet-anexe-1-5-admitere_liceu_2025_2026.pdf\" class=\"wp-block-file__button wp-element-button\" download aria-describedby=\"wp-block-file--media-1d7163c4-80a7-4afa-a691-fb5953356785\">Descarc\u0103<\/a><\/div>\n\n\n\n<div data-wp-interactive=\"core\/file\" class=\"wp-block-file\"><object data-wp-bind--hidden=\"!state.hasPdfPreview\"  class=\"wp-block-file__embed\" data=\"https:\/\/licecohd.eu\/wp-content\/uploads\/2025\/12\/01-OMEC-Calendar-cifra-de-scolarizare-LTD-si-LT_2026-2027.pdf\" type=\"application\/pdf\" style=\"width:100%;height:600px\" aria-label=\"\u00cenglobare pentru 01 OMEC Calendar cifra de scolarizare LTD si LT_2026-2027.\"><\/object><a id=\"wp-block-file--media-34503b5e-3cc6-4cf4-9af1-e2bd2b092a1a\" href=\"https:\/\/licecohd.eu\/wp-content\/uploads\/2025\/12\/01-OMEC-Calendar-cifra-de-scolarizare-LTD-si-LT_2026-2027.pdf\">01 OMEC Calendar cifra de scolarizare LTD si LT_2026-2027<\/a><a href=\"https:\/\/licecohd.eu\/wp-content\/uploads\/2025\/12\/01-OMEC-Calendar-cifra-de-scolarizare-LTD-si-LT_2026-2027.pdf\" class=\"wp-block-file__button wp-element-button\" download aria-describedby=\"wp-block-file--media-34503b5e-3cc6-4cf4-9af1-e2bd2b092a1a\">Descarc\u0103<\/a><\/div>\n","protected":false},"excerpt":{"rendered":"<p>Oportunit\u0103\u021bi pentru operatorii economici de a solicita clase de \u00eenv\u0103\u0163\u0103m\u00e2ntul liceal tehnologic dual \u015fi liceal tehnologic, de stat, pentru anul \u015fcolar 2026-2027 \u00cen aten\u021bia operatorilor economici! Cifra de \u0219colarizare \u00een \u00eenv\u0103\u0163\u0103m\u00e2ntul liceal tehnologic dual \u015fi liceal tehnologic, de stat, pentru anul \u015fcolar 2026-2027 se stabile\u0219te anual la solicitarea operatorilor economici lu\u00e2nd \u00een considerare nevoile pie\u021bei &hellip; <a href=\"https:\/\/licecohd.eu\/index.php\/ipt-2026-2027\/\" class=\"more-link\">Continu\u0103 s\u0103 cite\u0219ti <span class=\"screen-reader-text\">IPT 2026-2027<\/span><\/a><\/p>\n","protected":false},"author":1,"featured_media":0,"parent":0,"menu_order":0,"comment_status":"closed","ping_status":"closed","template":"","meta":{"footnotes":""},"class_list":["post-1378","page","type-page","status-publish","hentry"],"_links":{"self":[{"href":"https:\/\/licecohd.eu\/index.php\/wp-json\/wp\/v2\/pages\/1378"}],"collection":[{"href":"https:\/\/licecohd.eu\/index.php\/wp-json\/wp\/v2\/pages"}],"about":[{"href":"https:\/\/licecohd.eu\/index.php\/wp-json\/wp\/v2\/types\/page"}],"author":[{"embeddable":true,"href":"https:\/\/licecohd.eu\/index.php\/wp-json\/wp\/v2\/users\/1"}],"replies":[{"embeddable":true,"href":"https:\/\/licecohd.eu\/index.php\/wp-json\/wp\/v2\/comments?post=1378"}],"version-history":[{"count":8,"href":"https:\/\/licecohd.eu\/index.php\/wp-json\/wp\/v2\/pages\/1378\/revisions"}],"predecessor-version":[{"id":1391,"href":"https:\/\/licecohd.eu\/index.php\/wp-json\/wp\/v2\/pages\/1378\/revisions\/1391"}],"wp:attachment":[{"href":"https:\/\/licecohd.eu\/index.php\/wp-json\/wp\/v2\/media?parent=1378"}],"curies":[{"name":"wp","href":"https:\/\/api.w.org\/{rel}","templated":true}]}}