{"id":1405,"date":"2026-04-23T11:01:53","date_gmt":"2026-04-23T08:01:53","guid":{"rendered":"https:\/\/licecohd.eu\/?page_id=1405"},"modified":"2026-04-23T11:26:19","modified_gmt":"2026-04-23T08:26:19","slug":"scim","status":"publish","type":"page","link":"https:\/\/licecohd.eu\/index.php\/scim\/","title":{"rendered":"SCIM"},"content":{"rendered":"\n<p class=\"has-text-align-center has-vivid-red-color has-text-color has-link-color has-medium-font-size wp-elements-fdcd343b17714f34966fb776533d36ed\"><strong>Sistemul de Control\u00a0 Intern Managerial.<\/strong><\/p>\n\n\n\n<p class=\"has-black-color has-text-color has-link-color wp-elements-b0250f75245dff6ac882d2be32b9db34\">Controlul intern este un proces dinamic integrat de adaptare permanent\u0103 a institu\u021biei publice la schimb\u0103rile din mediul extern. Realizarea unui sistem de control intern se refer\u0103 la controlul factorilor perturbatori \u2013 a riscurilor ce pot afecta atingerea obiectivelor.<\/p>\n\n\n\n<p class=\"has-black-color has-text-color has-link-color wp-elements-04193c4a915cc7a58714c79f02cbdc93\">Standardele de control intern managerial (SCIM) \u00een entit\u0103\u021bile publice din Rom\u00e2nia, reglementate prin&nbsp;<a href=\"https:\/\/www.mdlpa.ro\/pages\/scim\" target=\"_blank\" rel=\"noreferrer noopener\">Ordinul SGG nr. 600\/2018<\/a>&nbsp;(anterior OMFP 400\/2015), cuprind 16 standarde grupate pe 5 categorii: Mediul de control, Performan\u021ba \u0219i managementul riscului, Activit\u0103\u021bi de control, Informare \u0219i comunicare, \u0219i Audit intern. Implementarea este obligatorie pentru a asigura obiectivele entit\u0103\u021bii.<\/p>\n\n\n\n<p class=\"has-black-color has-text-color has-link-color wp-elements-cc28d7dc2a93db648f395ac635fe786b\">Lista standardelor de control intern managerial la entit\u0103\u021bile publice:<\/p>\n\n\n\n<p class=\"has-black-color has-text-color has-link-color wp-elements-e462070894a3f5f65c5e8e6ff1e300cb\">a) Mediul de control:<\/p>\n\n\n\n<p class=\"has-black-color has-text-color has-link-color wp-elements-2308077366d9532cef813e6106044520\">\u2013 Standardul 1 \u2013 Etica \u0219i integritatea<\/p>\n\n\n\n<p class=\"has-black-color has-text-color has-link-color wp-elements-305bc38754de764884731d975b1c7760\">\u2013 Standardul 2 \u2013 Atribu\u021bii, func\u021bii, sarcini<\/p>\n\n\n\n<p class=\"has-black-color has-text-color has-link-color wp-elements-2e761bfc5572c222a2f61c68b4d658a3\">\u2013 Standardul 3 \u2013 Competen\u021b\u0103, performan\u021b\u0103<\/p>\n\n\n\n<p class=\"has-black-color has-text-color has-link-color wp-elements-b17f76ffd9b263907c095d22f3492d27\">\u2013 Standardul 4 \u2013 Structura organizatoric\u0103<\/p>\n\n\n\n<p class=\"has-black-color has-text-color has-link-color wp-elements-40bc7d1e350006efbc05ca069bf0e38f\">b) Performan\u021be \u0219i managementul riscului:<\/p>\n\n\n\n<p class=\"has-black-color has-text-color has-link-color wp-elements-3d5696241099dfc2cf2e51be1b1e81c1\">\u2013 Standardul 5 \u2013 Obiective<\/p>\n\n\n\n<p class=\"has-black-color has-text-color has-link-color wp-elements-a12b48e99a06d6869b137cd98478c344\">\u2013 Standardul 6 \u2013 Planificarea<\/p>\n\n\n\n<p class=\"has-black-color has-text-color has-link-color wp-elements-25f3a84213be2065a3878e40a606bae7\">\u2013 Standardul 7 \u2013 Monitorizarea performan\u021belor<\/p>\n\n\n\n<p class=\"has-black-color has-text-color has-link-color wp-elements-cbae0401bd0d8231eb9aafee702c2d8e\">\u2013 Standardul 8 \u2013 Managementul riscului<\/p>\n\n\n\n<p class=\"has-black-color has-text-color has-link-color wp-elements-5e1181cfcbf2026ff4cf743097681373\">c) Activit\u0103\u021bi de control:<\/p>\n\n\n\n<p class=\"has-black-color has-text-color has-link-color wp-elements-588d77ef18d3ebb44a996a2b76d946ad\">\u2013 Standardul 9 \u2013 Proceduri<\/p>\n\n\n\n<p class=\"has-black-color has-text-color has-link-color wp-elements-c70129c28e51f92d1b31efa08de97dc9\">\u2013 Standardul 10 \u2013 Supravegherea<\/p>\n\n\n\n<p class=\"has-black-color has-text-color has-link-color wp-elements-5264cdd16f2c4c5c17126765efde28e4\">\u2013 Standardul 11 \u2013 Continuitatea activit\u0103\u021bii<\/p>\n\n\n\n<p class=\"has-black-color has-text-color has-link-color wp-elements-e9c95f539c28d8cc2350c2fd14edeaf8\">d) Informarea \u0219i comunicarea:<\/p>\n\n\n\n<p class=\"has-black-color has-text-color has-link-color wp-elements-87f7d93c6cd6f88421a9034ddec92e78\">\u2013 Standardul 12 \u2013 Informarea \u0219i comunicarea<\/p>\n\n\n\n<p class=\"has-black-color has-text-color has-link-color wp-elements-c22a16d318e17faf4e8d678bce671863\">\u2013 Standardul 13 \u2013 Gestionarea documentelor<\/p>\n\n\n\n<p class=\"has-black-color has-text-color has-link-color wp-elements-c6ce254f98df06f3eccc0b2e829aab9a\">\u2013 Standardul 14 \u2013 Raportarea contabil\u0103 \u0219i financiar\u0103<\/p>\n\n\n\n<p class=\"has-black-color has-text-color has-link-color wp-elements-9d2e09477a171915e3e0b48d028524fd\">e) Evaluare \u0219i audit:<\/p>\n\n\n\n<p class=\"has-black-color has-text-color has-link-color wp-elements-04dd387fcc513b355f511db6b66c795d\">\u2013 Standardul 15 \u2013 Evaluarea sistemului de control intern managerial<\/p>\n\n\n\n<p class=\"has-black-color has-text-color has-link-color wp-elements-925f93da6ce0e6903e633f9aa9d130eb\">\u2013 Standardul 16 \u2013 Auditul intern<\/p>\n\n\n\n<p class=\"has-black-color has-text-color has-link-color wp-elements-dee6abb14470a6e0cd3d439ccdc7d369\">Legisla\u021bie specific\u0103:<\/p>\n\n\n\n<p class=\"has-black-color has-text-color has-link-color wp-elements-7b45abde1a8c343547601d036a08a902\"><strong>&#8211;<\/strong>&nbsp;Legea&nbsp;<a href=\"https:\/\/lege5.ro\/Gratuit\/gu3dsnzs\/legea-nr-477-2004-privind-codul-de-conduita-a-personalului-contractual-din-autoritatile-si-institutiile-publice?d=2026-04-23\" target=\"_blank\" rel=\"noreferrer noopener\">nr. 477\/2004<\/a>&nbsp;privind Codul de conduit\u0103 a personalului contractual din autorit\u0103\u0163ile \u015fi institu\u0163iile publice;<\/p>\n\n\n\n<p class=\"has-black-color has-text-color has-link-color wp-elements-610871f1ecfb6ab39bdef8887c7a01c0\"><strong>&#8211;<\/strong>&nbsp;codul de conduit\u0103 al entit\u0103\u0163ii publice;<\/p>\n\n\n\n<p class=\"has-black-color has-text-color has-link-color wp-elements-e2f420fe369a353d7fca8211be77fa6d\"><strong>&#8211;<\/strong>&nbsp;Legea&nbsp;<a href=\"https:\/\/lege5.ro\/Gratuit\/geytinbxgy\/legea-nr-7-2004-privind-codul-de-conduita-a-functionarilor-publici?d=2026-04-23\" target=\"_blank\" rel=\"noreferrer noopener\">nr. 7\/2004<\/a>&nbsp;privind Codul de conduit\u0103 a func\u0163ionarilor publici, republicat\u0103;<\/p>\n\n\n\n<p class=\"has-black-color has-text-color has-link-color wp-elements-03431e70ffcfe23553c7ddc52d2f8d16\"><strong>&#8211;<\/strong>&nbsp;Legea&nbsp;<a href=\"https:\/\/lege5.ro\/Gratuit\/gi3dkobu\/legea-nr-78-2000-pentru-prevenirea-descoperirea-si-sanctionarea-faptelor-de-coruptie?d=2026-04-23\" target=\"_blank\" rel=\"noreferrer noopener\">nr. 78\/2000<\/a>&nbsp;pentru prevenirea, descoperirea \u015fi sanc\u0163ionarea faptelor de corup\u0163ie, cu modific\u0103rile \u015fi complet\u0103rile ulterioare;<\/p>\n\n\n\n<p class=\"has-black-color has-text-color has-link-color wp-elements-6d51356ab8abcde23e79d960f099254e\"><strong>&#8211;<\/strong>&nbsp;Legea&nbsp;<a href=\"https:\/\/lege5.ro\/Gratuit\/ge3demzv\/legea-nr-115-1996-pentru-declararea-si-controlul-averii-demnitarilor-magistratilor-a-unor-persoane-cu-functii-de-conducere-si-de-control-si-a-functionarilor-publici?d=2026-04-23\" target=\"_blank\" rel=\"noreferrer noopener\">nr. 115\/1996<\/a>&nbsp;privind declararea \u015fi controlul averii demnitarilor, magistra\u0163ilor, func\u0163ionarilor publici \u015fi a unor persoane cu func\u0163ii de conducere, cu modific\u0103rile \u015fi complet\u0103rile ulterioare;<\/p>\n\n\n\n<p class=\"has-black-color has-text-color has-link-color wp-elements-60a9b2439bc0973a4ce9af7617cf83cc\"><strong>&#8211;<\/strong>&nbsp;Legea&nbsp;<a href=\"https:\/\/lege5.ro\/Gratuit\/hezdgobv\/legea-nr-161-2003-privind-unele-masuri-pentru-asigurarea-transparentei-in-exercitarea-demnitatilor-publice-a-functiilor-publice-si-in-mediul-de-afaceri-prevenirea-si-sanctionarea-coruptiei?d=2026-04-23\" target=\"_blank\" rel=\"noreferrer noopener\">nr. 161\/2003<\/a>&nbsp;privind unele m\u0103suri pentru asigurarea transparen\u0163ei \u00een exercitarea demnit\u0103\u0163ilor publice, a func\u0163iilor publice \u015fi \u00een mediul de afaceri, prevenirea \u015fi sanc\u0163ionarea corup\u0163iei, cu modific\u0103rile \u015fi complet\u0103rile ulterioare;<\/p>\n\n\n\n<p class=\"has-black-color has-text-color has-link-color wp-elements-57172faae32a1fdef7b5858d8253b5ad\">Politic\u0103<\/p>\n\n\n\n<p class=\"has-black-color has-text-color has-link-color wp-elements-60de6c7132811d4c97b43a8df6674bc9\"><strong>&#8211;<\/strong>&nbsp;Legea&nbsp;<a href=\"https:\/\/lege5.ro\/Gratuit\/geztombtha\/legea-nr-176-2010-privind-integritatea-in-exercitarea-functiilor-si-demnitatilor-publice-pentru-modificarea-si-completarea-legii-nr-144-2007-privind-infiintarea-organizarea-si-functionarea-agentiei-na?d=2026-04-23\" target=\"_blank\" rel=\"noreferrer noopener\">nr. 176\/2010<\/a>&nbsp;privind integritatea \u00een exercitarea func\u0163iilor \u015fi demnit\u0103\u0163ilor publice, pentru modificarea \u015fi completarea Legii&nbsp;<a href=\"https:\/\/lege5.ro\/Gratuit\/gezdmojygq\/legea-nr-144-2007-privind-infiintarea-organizarea-si-functionarea-agentiei-nationale-de-integritate?d=2026-04-23\" target=\"_blank\" rel=\"noreferrer noopener\">nr. 144\/2007<\/a>&nbsp;privind \u00eenfiin\u0163area, organizarea \u015fi func\u0163ionarea Agen\u0163iei Na\u0163ionale de Integritate, precum \u015fi pentru modificarea \u015fi completarea altor acte normative, cu modific\u0103rile ulterioare;<\/p>\n\n\n\n<p class=\"has-black-color has-text-color has-link-color wp-elements-6afc527de4c572a5bfb3a95af61f8b0d\"><strong>&#8211;<\/strong>&nbsp;Legea&nbsp;<a href=\"https:\/\/lege5.ro\/Gratuit\/gu3dkobw\/legea-nr-251-2004-privind-unele-masuri-referitoare-la-bunurile-primite-cu-titlu-gratuit-cu-prilejul-unor-actiuni-de-protocol-in-exercitarea-mandatului-sau-a-functiei?d=2026-04-23\" target=\"_blank\" rel=\"noreferrer noopener\">nr. 251\/2004<\/a>&nbsp;privind unele m\u0103suri referitoare la bunurile primite cu titlu gratuit cu prilejul unor ac\u0163iuni de protocol \u00een exercitarea mandatului sau a func\u0163iei;<\/p>\n\n\n\n<p class=\"has-black-color has-text-color has-link-color wp-elements-90b31b22deac2f85ff4b5575f9fe82cd\"><strong>&#8211;<\/strong>&nbsp;Legea&nbsp;<a href=\"https:\/\/lege5.ro\/Gratuit\/gu3dinrw\/legea-nr-571-2004-privind-protectia-personalului-din-autoritatile-publice-institutiile-publice-si-din-alte-unitati-care-semnaleaza-incalcari-ale-legii?d=2026-04-23\" target=\"_blank\" rel=\"noreferrer noopener\">nr. 571\/2004<\/a>&nbsp;privind protec\u0163ia personalului din autorit\u0103\u0163ile publice, institu\u0163iile publice \u015fi din alte unit\u0103\u0163i care semnaleaz\u0103 \u00eenc\u0103lc\u0103ri ale legii;<\/p>\n\n\n\n<p class=\"has-black-color has-text-color has-link-color wp-elements-b5eb4c1da484ca18222498c22587ff57\"><strong>&#8211;<\/strong>&nbsp;Ordonan\u0163a Guvernului&nbsp;<a href=\"https:\/\/lege5.ro\/Gratuit\/gizdaojx\/ordonanta-nr-119-1999-privind-controlul-intern-managerial-si-controlul-financiar-preventiv?d=2026-04-23\" target=\"_blank\" rel=\"noreferrer noopener\">nr. 119\/1999<\/a>&nbsp;privind controlul intern\/managerial \u015fi controlul financiar preventiv, republicat\u0103, cu modific\u0103rile \u015fi complet\u0103rile ulterioare;<\/p>\n","protected":false},"excerpt":{"rendered":"<p>Sistemul de Control\u00a0 Intern Managerial. Controlul intern este un proces dinamic integrat de adaptare permanent\u0103 a institu\u021biei publice la schimb\u0103rile din mediul extern. Realizarea unui sistem de control intern se refer\u0103 la controlul factorilor perturbatori \u2013 a riscurilor ce pot afecta atingerea obiectivelor. Standardele de control intern managerial (SCIM) \u00een entit\u0103\u021bile publice din Rom\u00e2nia, reglementate &hellip; <a href=\"https:\/\/licecohd.eu\/index.php\/scim\/\" class=\"more-link\">Continu\u0103 s\u0103 cite\u0219ti <span class=\"screen-reader-text\">SCIM<\/span><\/a><\/p>\n","protected":false},"author":1,"featured_media":0,"parent":0,"menu_order":0,"comment_status":"closed","ping_status":"closed","template":"","meta":{"footnotes":""},"class_list":["post-1405","page","type-page","status-publish","hentry"],"_links":{"self":[{"href":"https:\/\/licecohd.eu\/index.php\/wp-json\/wp\/v2\/pages\/1405"}],"collection":[{"href":"https:\/\/licecohd.eu\/index.php\/wp-json\/wp\/v2\/pages"}],"about":[{"href":"https:\/\/licecohd.eu\/index.php\/wp-json\/wp\/v2\/types\/page"}],"author":[{"embeddable":true,"href":"https:\/\/licecohd.eu\/index.php\/wp-json\/wp\/v2\/users\/1"}],"replies":[{"embeddable":true,"href":"https:\/\/licecohd.eu\/index.php\/wp-json\/wp\/v2\/comments?post=1405"}],"version-history":[{"count":5,"href":"https:\/\/licecohd.eu\/index.php\/wp-json\/wp\/v2\/pages\/1405\/revisions"}],"predecessor-version":[{"id":1415,"href":"https:\/\/licecohd.eu\/index.php\/wp-json\/wp\/v2\/pages\/1405\/revisions\/1415"}],"wp:attachment":[{"href":"https:\/\/licecohd.eu\/index.php\/wp-json\/wp\/v2\/media?parent=1405"}],"curies":[{"name":"wp","href":"https:\/\/api.w.org\/{rel}","templated":true}]}}