{"id":538,"date":"2021-12-15T16:28:08","date_gmt":"2021-12-15T13:28:08","guid":{"rendered":"https:\/\/licecohd.eu\/?page_id=538"},"modified":"2025-05-05T09:51:51","modified_gmt":"2025-05-05T06:51:51","slug":"pocu","status":"publish","type":"page","link":"https:\/\/licecohd.eu\/index.php\/pocu\/","title":{"rendered":"POCU"},"content":{"rendered":"\n<p style=\"font-size:33px\"><strong>POCU\/987\/6\/26\/<\/strong><strong>154056<\/strong><\/p>\n\n\n\n<p class=\"has-medium-font-size\"><strong>&nbsp;&nbsp; \u201d GAME &#8211; Genera\u0163ia Milenium, Activ\u0103 \u015fi Entuziast\u0103 prin activit\u0103\u0163i outdoor \u201d<\/strong><\/p>\n\n\n\n<div data-wp-interactive=\"core\/file\" class=\"wp-block-file\"><object data-wp-bind--hidden=\"!state.hasPdfPreview\"  class=\"wp-block-file__embed\" data=\"https:\/\/licecohd.eu\/wp-content\/uploads\/2025\/05\/Ghid_bune-practici_Game_2024.pdf\" type=\"application\/pdf\" style=\"width:100%;height:600px\" aria-label=\"\u00cenglobare pentru Ghid_bune practici_Game_2024.\"><\/object><a id=\"wp-block-file--media-6bde4911-1076-44f8-8af9-bced6994c790\" href=\"https:\/\/licecohd.eu\/wp-content\/uploads\/2025\/05\/Ghid_bune-practici_Game_2024.pdf\">Ghid_bune practici_Game_2024<\/a><a href=\"https:\/\/licecohd.eu\/wp-content\/uploads\/2025\/05\/Ghid_bune-practici_Game_2024.pdf\" class=\"wp-block-file__button wp-element-button\" download aria-describedby=\"wp-block-file--media-6bde4911-1076-44f8-8af9-bced6994c790\">Descarc\u0103<\/a><\/div>\n\n\n\n<p class=\"has-vivid-red-color has-text-color has-link-color has-medium-font-size wp-elements-8dbe9ec988f1803c5467a5124a7f8882\"><strong>Conferin\u021ba final\u0103 a proiectului cu titlul: \u201eGAME \u2013 Genera\u021bia milenium activ\u0103 \u0219i entuziast\u0103 prin activit\u0103\u021bi outdoor\u201d<\/strong><\/p>\n\n\n\n<figure class=\"wp-block-gallery has-nested-images columns-default is-cropped wp-block-gallery-1 is-layout-flex wp-block-gallery-is-layout-flex\">\n<figure class=\"wp-block-image size-large\"><img loading=\"lazy\" decoding=\"async\" width=\"1024\" height=\"473\" data-id=\"1092\" src=\"https:\/\/licecohd.eu\/wp-content\/uploads\/2024\/02\/5ca7c728-d8bf-4c13-ba52-beaa5b6b2319-1024x473.jpg\" alt=\"\" class=\"wp-image-1092\" srcset=\"https:\/\/licecohd.eu\/wp-content\/uploads\/2024\/02\/5ca7c728-d8bf-4c13-ba52-beaa5b6b2319-1024x473.jpg 1024w, https:\/\/licecohd.eu\/wp-content\/uploads\/2024\/02\/5ca7c728-d8bf-4c13-ba52-beaa5b6b2319-300x139.jpg 300w, https:\/\/licecohd.eu\/wp-content\/uploads\/2024\/02\/5ca7c728-d8bf-4c13-ba52-beaa5b6b2319-768x355.jpg 768w, https:\/\/licecohd.eu\/wp-content\/uploads\/2024\/02\/5ca7c728-d8bf-4c13-ba52-beaa5b6b2319-1536x709.jpg 1536w, https:\/\/licecohd.eu\/wp-content\/uploads\/2024\/02\/5ca7c728-d8bf-4c13-ba52-beaa5b6b2319-772x357.jpg 772w, https:\/\/licecohd.eu\/wp-content\/uploads\/2024\/02\/5ca7c728-d8bf-4c13-ba52-beaa5b6b2319-624x288.jpg 624w, https:\/\/licecohd.eu\/wp-content\/uploads\/2024\/02\/5ca7c728-d8bf-4c13-ba52-beaa5b6b2319.jpg 1600w\" sizes=\"(max-width: 1024px) 100vw, 1024px\" \/><\/figure>\n\n\n\n<figure class=\"wp-block-image size-large\"><img loading=\"lazy\" decoding=\"async\" width=\"1024\" height=\"768\" data-id=\"1091\" src=\"https:\/\/licecohd.eu\/wp-content\/uploads\/2024\/02\/19d115a9-db9f-4b54-a5e5-66a163be8ab6-1024x768.jpg\" alt=\"\" class=\"wp-image-1091\" srcset=\"https:\/\/licecohd.eu\/wp-content\/uploads\/2024\/02\/19d115a9-db9f-4b54-a5e5-66a163be8ab6-1024x768.jpg 1024w, https:\/\/licecohd.eu\/wp-content\/uploads\/2024\/02\/19d115a9-db9f-4b54-a5e5-66a163be8ab6-300x225.jpg 300w, https:\/\/licecohd.eu\/wp-content\/uploads\/2024\/02\/19d115a9-db9f-4b54-a5e5-66a163be8ab6-768x576.jpg 768w, https:\/\/licecohd.eu\/wp-content\/uploads\/2024\/02\/19d115a9-db9f-4b54-a5e5-66a163be8ab6-1536x1152.jpg 1536w, https:\/\/licecohd.eu\/wp-content\/uploads\/2024\/02\/19d115a9-db9f-4b54-a5e5-66a163be8ab6-772x579.jpg 772w, https:\/\/licecohd.eu\/wp-content\/uploads\/2024\/02\/19d115a9-db9f-4b54-a5e5-66a163be8ab6-624x468.jpg 624w, https:\/\/licecohd.eu\/wp-content\/uploads\/2024\/02\/19d115a9-db9f-4b54-a5e5-66a163be8ab6.jpg 1600w\" sizes=\"(max-width: 1024px) 100vw, 1024px\" \/><\/figure>\n\n\n\n<figure class=\"wp-block-image size-large\"><img loading=\"lazy\" decoding=\"async\" width=\"1024\" height=\"768\" data-id=\"1088\" src=\"https:\/\/licecohd.eu\/wp-content\/uploads\/2024\/02\/94c3d684-0686-41b2-8c97-270fdb0d28fd-1024x768.jpg\" alt=\"\" class=\"wp-image-1088\" srcset=\"https:\/\/licecohd.eu\/wp-content\/uploads\/2024\/02\/94c3d684-0686-41b2-8c97-270fdb0d28fd-1024x768.jpg 1024w, https:\/\/licecohd.eu\/wp-content\/uploads\/2024\/02\/94c3d684-0686-41b2-8c97-270fdb0d28fd-300x225.jpg 300w, https:\/\/licecohd.eu\/wp-content\/uploads\/2024\/02\/94c3d684-0686-41b2-8c97-270fdb0d28fd-768x576.jpg 768w, https:\/\/licecohd.eu\/wp-content\/uploads\/2024\/02\/94c3d684-0686-41b2-8c97-270fdb0d28fd-1536x1152.jpg 1536w, https:\/\/licecohd.eu\/wp-content\/uploads\/2024\/02\/94c3d684-0686-41b2-8c97-270fdb0d28fd-772x579.jpg 772w, https:\/\/licecohd.eu\/wp-content\/uploads\/2024\/02\/94c3d684-0686-41b2-8c97-270fdb0d28fd-624x468.jpg 624w, https:\/\/licecohd.eu\/wp-content\/uploads\/2024\/02\/94c3d684-0686-41b2-8c97-270fdb0d28fd.jpg 1600w\" sizes=\"(max-width: 1024px) 100vw, 1024px\" \/><\/figure>\n\n\n\n<figure class=\"wp-block-image size-large\"><img loading=\"lazy\" decoding=\"async\" width=\"1024\" height=\"768\" data-id=\"1090\" src=\"https:\/\/licecohd.eu\/wp-content\/uploads\/2024\/02\/643b2b1c-3900-44c4-a0a4-19b39f3e83ff-1024x768.jpg\" alt=\"\" class=\"wp-image-1090\" srcset=\"https:\/\/licecohd.eu\/wp-content\/uploads\/2024\/02\/643b2b1c-3900-44c4-a0a4-19b39f3e83ff-1024x768.jpg 1024w, https:\/\/licecohd.eu\/wp-content\/uploads\/2024\/02\/643b2b1c-3900-44c4-a0a4-19b39f3e83ff-300x225.jpg 300w, https:\/\/licecohd.eu\/wp-content\/uploads\/2024\/02\/643b2b1c-3900-44c4-a0a4-19b39f3e83ff-768x576.jpg 768w, https:\/\/licecohd.eu\/wp-content\/uploads\/2024\/02\/643b2b1c-3900-44c4-a0a4-19b39f3e83ff-1536x1152.jpg 1536w, https:\/\/licecohd.eu\/wp-content\/uploads\/2024\/02\/643b2b1c-3900-44c4-a0a4-19b39f3e83ff-772x579.jpg 772w, https:\/\/licecohd.eu\/wp-content\/uploads\/2024\/02\/643b2b1c-3900-44c4-a0a4-19b39f3e83ff-624x468.jpg 624w, https:\/\/licecohd.eu\/wp-content\/uploads\/2024\/02\/643b2b1c-3900-44c4-a0a4-19b39f3e83ff.jpg 1600w\" sizes=\"(max-width: 1024px) 100vw, 1024px\" \/><\/figure>\n\n\n\n<figure class=\"wp-block-image size-large\"><img loading=\"lazy\" decoding=\"async\" width=\"1024\" height=\"768\" data-id=\"1089\" src=\"https:\/\/licecohd.eu\/wp-content\/uploads\/2024\/02\/739b4cb9-8391-4b1c-a42c-bf15badf116b-1024x768.jpg\" alt=\"\" class=\"wp-image-1089\" srcset=\"https:\/\/licecohd.eu\/wp-content\/uploads\/2024\/02\/739b4cb9-8391-4b1c-a42c-bf15badf116b-1024x768.jpg 1024w, https:\/\/licecohd.eu\/wp-content\/uploads\/2024\/02\/739b4cb9-8391-4b1c-a42c-bf15badf116b-300x225.jpg 300w, https:\/\/licecohd.eu\/wp-content\/uploads\/2024\/02\/739b4cb9-8391-4b1c-a42c-bf15badf116b-768x576.jpg 768w, https:\/\/licecohd.eu\/wp-content\/uploads\/2024\/02\/739b4cb9-8391-4b1c-a42c-bf15badf116b-1536x1152.jpg 1536w, https:\/\/licecohd.eu\/wp-content\/uploads\/2024\/02\/739b4cb9-8391-4b1c-a42c-bf15badf116b-772x579.jpg 772w, https:\/\/licecohd.eu\/wp-content\/uploads\/2024\/02\/739b4cb9-8391-4b1c-a42c-bf15badf116b-624x468.jpg 624w, https:\/\/licecohd.eu\/wp-content\/uploads\/2024\/02\/739b4cb9-8391-4b1c-a42c-bf15badf116b.jpg 1600w\" sizes=\"(max-width: 1024px) 100vw, 1024px\" \/><\/figure>\n\n\n\n<figure class=\"wp-block-image size-large\"><img loading=\"lazy\" decoding=\"async\" width=\"768\" height=\"1024\" data-id=\"1093\" src=\"https:\/\/licecohd.eu\/wp-content\/uploads\/2024\/02\/4488bc3b-3b17-40d5-bd13-a28c57302df2-768x1024.jpg\" alt=\"\" class=\"wp-image-1093\" srcset=\"https:\/\/licecohd.eu\/wp-content\/uploads\/2024\/02\/4488bc3b-3b17-40d5-bd13-a28c57302df2-768x1024.jpg 768w, https:\/\/licecohd.eu\/wp-content\/uploads\/2024\/02\/4488bc3b-3b17-40d5-bd13-a28c57302df2-225x300.jpg 225w, https:\/\/licecohd.eu\/wp-content\/uploads\/2024\/02\/4488bc3b-3b17-40d5-bd13-a28c57302df2-1152x1536.jpg 1152w, https:\/\/licecohd.eu\/wp-content\/uploads\/2024\/02\/4488bc3b-3b17-40d5-bd13-a28c57302df2-772x1029.jpg 772w, https:\/\/licecohd.eu\/wp-content\/uploads\/2024\/02\/4488bc3b-3b17-40d5-bd13-a28c57302df2-468x624.jpg 468w, https:\/\/licecohd.eu\/wp-content\/uploads\/2024\/02\/4488bc3b-3b17-40d5-bd13-a28c57302df2.jpg 1200w\" sizes=\"(max-width: 768px) 100vw, 768px\" \/><\/figure>\n\n\n\n<figure class=\"wp-block-image size-large\"><img loading=\"lazy\" decoding=\"async\" width=\"1024\" height=\"768\" data-id=\"1094\" src=\"https:\/\/licecohd.eu\/wp-content\/uploads\/2024\/02\/2598929b-bb2d-46d6-9ccf-68e6e1367540-1024x768.jpg\" alt=\"\" class=\"wp-image-1094\" srcset=\"https:\/\/licecohd.eu\/wp-content\/uploads\/2024\/02\/2598929b-bb2d-46d6-9ccf-68e6e1367540-1024x768.jpg 1024w, https:\/\/licecohd.eu\/wp-content\/uploads\/2024\/02\/2598929b-bb2d-46d6-9ccf-68e6e1367540-300x225.jpg 300w, https:\/\/licecohd.eu\/wp-content\/uploads\/2024\/02\/2598929b-bb2d-46d6-9ccf-68e6e1367540-768x576.jpg 768w, https:\/\/licecohd.eu\/wp-content\/uploads\/2024\/02\/2598929b-bb2d-46d6-9ccf-68e6e1367540-1536x1152.jpg 1536w, https:\/\/licecohd.eu\/wp-content\/uploads\/2024\/02\/2598929b-bb2d-46d6-9ccf-68e6e1367540-772x579.jpg 772w, https:\/\/licecohd.eu\/wp-content\/uploads\/2024\/02\/2598929b-bb2d-46d6-9ccf-68e6e1367540-624x468.jpg 624w, https:\/\/licecohd.eu\/wp-content\/uploads\/2024\/02\/2598929b-bb2d-46d6-9ccf-68e6e1367540.jpg 1600w\" sizes=\"(max-width: 1024px) 100vw, 1024px\" \/><\/figure>\n\n\n\n<figure class=\"wp-block-image size-large\"><img loading=\"lazy\" decoding=\"async\" width=\"1024\" height=\"768\" data-id=\"1095\" src=\"https:\/\/licecohd.eu\/wp-content\/uploads\/2024\/02\/a9bdb883-4b4c-41de-a30d-0142d71ec611-1024x768.jpg\" alt=\"\" class=\"wp-image-1095\" srcset=\"https:\/\/licecohd.eu\/wp-content\/uploads\/2024\/02\/a9bdb883-4b4c-41de-a30d-0142d71ec611-1024x768.jpg 1024w, https:\/\/licecohd.eu\/wp-content\/uploads\/2024\/02\/a9bdb883-4b4c-41de-a30d-0142d71ec611-300x225.jpg 300w, https:\/\/licecohd.eu\/wp-content\/uploads\/2024\/02\/a9bdb883-4b4c-41de-a30d-0142d71ec611-768x576.jpg 768w, https:\/\/licecohd.eu\/wp-content\/uploads\/2024\/02\/a9bdb883-4b4c-41de-a30d-0142d71ec611-1536x1152.jpg 1536w, https:\/\/licecohd.eu\/wp-content\/uploads\/2024\/02\/a9bdb883-4b4c-41de-a30d-0142d71ec611-772x579.jpg 772w, https:\/\/licecohd.eu\/wp-content\/uploads\/2024\/02\/a9bdb883-4b4c-41de-a30d-0142d71ec611-624x468.jpg 624w, https:\/\/licecohd.eu\/wp-content\/uploads\/2024\/02\/a9bdb883-4b4c-41de-a30d-0142d71ec611.jpg 1600w\" sizes=\"(max-width: 1024px) 100vw, 1024px\" \/><\/figure>\n\n\n\n<figure class=\"wp-block-image size-large\"><img loading=\"lazy\" decoding=\"async\" width=\"1024\" height=\"768\" data-id=\"1097\" src=\"https:\/\/licecohd.eu\/wp-content\/uploads\/2024\/02\/cc5a07ef-dcf5-4542-8d05-24d2f8d0195b-1024x768.jpg\" alt=\"\" class=\"wp-image-1097\" srcset=\"https:\/\/licecohd.eu\/wp-content\/uploads\/2024\/02\/cc5a07ef-dcf5-4542-8d05-24d2f8d0195b-1024x768.jpg 1024w, https:\/\/licecohd.eu\/wp-content\/uploads\/2024\/02\/cc5a07ef-dcf5-4542-8d05-24d2f8d0195b-300x225.jpg 300w, https:\/\/licecohd.eu\/wp-content\/uploads\/2024\/02\/cc5a07ef-dcf5-4542-8d05-24d2f8d0195b-768x576.jpg 768w, https:\/\/licecohd.eu\/wp-content\/uploads\/2024\/02\/cc5a07ef-dcf5-4542-8d05-24d2f8d0195b-1536x1152.jpg 1536w, https:\/\/licecohd.eu\/wp-content\/uploads\/2024\/02\/cc5a07ef-dcf5-4542-8d05-24d2f8d0195b-772x579.jpg 772w, https:\/\/licecohd.eu\/wp-content\/uploads\/2024\/02\/cc5a07ef-dcf5-4542-8d05-24d2f8d0195b-624x468.jpg 624w, https:\/\/licecohd.eu\/wp-content\/uploads\/2024\/02\/cc5a07ef-dcf5-4542-8d05-24d2f8d0195b.jpg 1600w\" sizes=\"(max-width: 1024px) 100vw, 1024px\" \/><\/figure>\n\n\n\n<figure class=\"wp-block-image size-large\"><img loading=\"lazy\" decoding=\"async\" width=\"1024\" height=\"473\" data-id=\"1098\" src=\"https:\/\/licecohd.eu\/wp-content\/uploads\/2024\/02\/f47086a4-0770-4b04-9873-30c2c7c2270a-1024x473.jpg\" alt=\"\" class=\"wp-image-1098\" srcset=\"https:\/\/licecohd.eu\/wp-content\/uploads\/2024\/02\/f47086a4-0770-4b04-9873-30c2c7c2270a-1024x473.jpg 1024w, https:\/\/licecohd.eu\/wp-content\/uploads\/2024\/02\/f47086a4-0770-4b04-9873-30c2c7c2270a-300x139.jpg 300w, https:\/\/licecohd.eu\/wp-content\/uploads\/2024\/02\/f47086a4-0770-4b04-9873-30c2c7c2270a-768x355.jpg 768w, https:\/\/licecohd.eu\/wp-content\/uploads\/2024\/02\/f47086a4-0770-4b04-9873-30c2c7c2270a-1536x709.jpg 1536w, https:\/\/licecohd.eu\/wp-content\/uploads\/2024\/02\/f47086a4-0770-4b04-9873-30c2c7c2270a-772x357.jpg 772w, https:\/\/licecohd.eu\/wp-content\/uploads\/2024\/02\/f47086a4-0770-4b04-9873-30c2c7c2270a-624x288.jpg 624w, https:\/\/licecohd.eu\/wp-content\/uploads\/2024\/02\/f47086a4-0770-4b04-9873-30c2c7c2270a.jpg 1600w\" sizes=\"(max-width: 1024px) 100vw, 1024px\" \/><\/figure>\n\n\n\n<figure class=\"wp-block-image size-large\"><img loading=\"lazy\" decoding=\"async\" width=\"1024\" height=\"768\" data-id=\"1096\" src=\"https:\/\/licecohd.eu\/wp-content\/uploads\/2024\/02\/ff14103d-061b-42c7-992b-9c33f0d41cfa-1024x768.jpg\" alt=\"\" class=\"wp-image-1096\" srcset=\"https:\/\/licecohd.eu\/wp-content\/uploads\/2024\/02\/ff14103d-061b-42c7-992b-9c33f0d41cfa-1024x768.jpg 1024w, https:\/\/licecohd.eu\/wp-content\/uploads\/2024\/02\/ff14103d-061b-42c7-992b-9c33f0d41cfa-300x225.jpg 300w, https:\/\/licecohd.eu\/wp-content\/uploads\/2024\/02\/ff14103d-061b-42c7-992b-9c33f0d41cfa-768x576.jpg 768w, https:\/\/licecohd.eu\/wp-content\/uploads\/2024\/02\/ff14103d-061b-42c7-992b-9c33f0d41cfa-1536x1152.jpg 1536w, https:\/\/licecohd.eu\/wp-content\/uploads\/2024\/02\/ff14103d-061b-42c7-992b-9c33f0d41cfa-772x579.jpg 772w, https:\/\/licecohd.eu\/wp-content\/uploads\/2024\/02\/ff14103d-061b-42c7-992b-9c33f0d41cfa-624x468.jpg 624w, https:\/\/licecohd.eu\/wp-content\/uploads\/2024\/02\/ff14103d-061b-42c7-992b-9c33f0d41cfa.jpg 1600w\" sizes=\"(max-width: 1024px) 100vw, 1024px\" \/><\/figure>\n\n\n\n<figure class=\"wp-block-image size-large\"><img loading=\"lazy\" decoding=\"async\" width=\"1024\" height=\"768\" data-id=\"1099\" src=\"https:\/\/licecohd.eu\/wp-content\/uploads\/2024\/02\/WhatsApp-Image-2023-12-18-at-14.03.18-1024x768.jpeg\" alt=\"\" class=\"wp-image-1099\" srcset=\"https:\/\/licecohd.eu\/wp-content\/uploads\/2024\/02\/WhatsApp-Image-2023-12-18-at-14.03.18-1024x768.jpeg 1024w, https:\/\/licecohd.eu\/wp-content\/uploads\/2024\/02\/WhatsApp-Image-2023-12-18-at-14.03.18-300x225.jpeg 300w, https:\/\/licecohd.eu\/wp-content\/uploads\/2024\/02\/WhatsApp-Image-2023-12-18-at-14.03.18-768x576.jpeg 768w, https:\/\/licecohd.eu\/wp-content\/uploads\/2024\/02\/WhatsApp-Image-2023-12-18-at-14.03.18-1536x1152.jpeg 1536w, https:\/\/licecohd.eu\/wp-content\/uploads\/2024\/02\/WhatsApp-Image-2023-12-18-at-14.03.18-772x579.jpeg 772w, https:\/\/licecohd.eu\/wp-content\/uploads\/2024\/02\/WhatsApp-Image-2023-12-18-at-14.03.18-624x468.jpeg 624w, https:\/\/licecohd.eu\/wp-content\/uploads\/2024\/02\/WhatsApp-Image-2023-12-18-at-14.03.18.jpeg 1600w\" sizes=\"(max-width: 1024px) 100vw, 1024px\" \/><\/figure>\n<\/figure>\n\n\n\n<p><\/p>\n\n\n\n<figure class=\"wp-block-video\"><video controls src=\"https:\/\/licecohd.eu\/wp-content\/uploads\/2024\/02\/Prezentare-conferinta-154056_finala.mp4\"><\/video><\/figure>\n\n\n\n<figure class=\"wp-block-video\"><video controls src=\"https:\/\/licecohd.eu\/wp-content\/uploads\/2024\/02\/SCOALA-GIMNAZIALA-TELIUCU-INFERIOR-1.mp4\"><\/video><\/figure>\n\n\n\n<figure class=\"wp-block-video\"><video controls src=\"https:\/\/licecohd.eu\/wp-content\/uploads\/2024\/02\/Presentation1-BIA.mp4\"><\/video><\/figure>\n\n\n\n<div data-wp-interactive=\"core\/file\" class=\"wp-block-file\"><object data-wp-bind--hidden=\"!state.hasPdfPreview\"  class=\"wp-block-file__embed\" data=\"https:\/\/licecohd.eu\/wp-content\/uploads\/2024\/02\/comunicatConferinta-finala-proiect-GAME.pdf\" type=\"application\/pdf\" style=\"width:100%;height:600px\" aria-label=\"\u00cenglobare pentru comunicatConferinta-finala-proiect-GAME.\"><\/object><a id=\"wp-block-file--media-77278887-85b8-4d00-8448-bc50e48bcaaf\" href=\"https:\/\/licecohd.eu\/wp-content\/uploads\/2024\/02\/comunicatConferinta-finala-proiect-GAME.pdf\">comunicatConferinta-finala-proiect-GAME<\/a><a href=\"https:\/\/licecohd.eu\/wp-content\/uploads\/2024\/02\/comunicatConferinta-finala-proiect-GAME.pdf\" class=\"wp-block-file__button wp-element-button\" download aria-describedby=\"wp-block-file--media-77278887-85b8-4d00-8448-bc50e48bcaaf\">Descarc\u0103<\/a><\/div>\n\n\n\n<div data-wp-interactive=\"core\/file\" class=\"wp-block-file\"><object data-wp-bind--hidden=\"!state.hasPdfPreview\"  class=\"wp-block-file__embed\" data=\"https:\/\/licecohd.eu\/wp-content\/uploads\/2024\/01\/A3.3_MATERIAL-FORMAT-ELECTRONIC_CURS.pdf\" type=\"application\/pdf\" style=\"width:100%;height:600px\" aria-label=\"\u00cenglobare pentru A3.3_MATERIAL-FORMAT-ELECTRONIC_CURS.\"><\/object><a id=\"wp-block-file--media-0106bf05-c00e-49e1-afec-8c08f371ab62\" href=\"https:\/\/licecohd.eu\/wp-content\/uploads\/2024\/01\/A3.3_MATERIAL-FORMAT-ELECTRONIC_CURS.pdf\">A3.3_MATERIAL-FORMAT-ELECTRONIC_CURS<\/a><a href=\"https:\/\/licecohd.eu\/wp-content\/uploads\/2024\/01\/A3.3_MATERIAL-FORMAT-ELECTRONIC_CURS.pdf\" class=\"wp-block-file__button wp-element-button\" download aria-describedby=\"wp-block-file--media-0106bf05-c00e-49e1-afec-8c08f371ab62\">Descarc\u0103<\/a><\/div>\n\n\n\n<div data-wp-interactive=\"core\/file\" class=\"wp-block-file\"><object data-wp-bind--hidden=\"!state.hasPdfPreview\"  class=\"wp-block-file__embed\" data=\"https:\/\/licecohd.eu\/wp-content\/uploads\/2024\/01\/3.3_Compendium-activitati-outdoor_-31_12_2023.pdf\" type=\"application\/pdf\" style=\"width:100%;height:600px\" aria-label=\"\u00cenglobare pentru 3.3_Compendium-activitati-outdoor_-31_12_2023.\"><\/object><a id=\"wp-block-file--media-e369b3db-f788-4106-99f3-fbca76c0baf3\" href=\"https:\/\/licecohd.eu\/wp-content\/uploads\/2024\/01\/3.3_Compendium-activitati-outdoor_-31_12_2023.pdf\">3.3_Compendium-activitati-outdoor_-31_12_2023<\/a><a href=\"https:\/\/licecohd.eu\/wp-content\/uploads\/2024\/01\/3.3_Compendium-activitati-outdoor_-31_12_2023.pdf\" class=\"wp-block-file__button wp-element-button\" download aria-describedby=\"wp-block-file--media-e369b3db-f788-4106-99f3-fbca76c0baf3\">Descarc\u0103<\/a><\/div>\n\n\n\n<div class=\"wp-block-file\"><a id=\"wp-block-file--media-abcb0215-7c47-4f7a-afe3-d974a324520b\" href=\"https:\/\/licecohd.eu\/wp-content\/uploads\/2022\/12\/rezultate.pdf\">rezultate<\/a><a href=\"https:\/\/licecohd.eu\/wp-content\/uploads\/2022\/12\/rezultate.pdf\" class=\"wp-block-file__button wp-element-button\" download aria-describedby=\"wp-block-file--media-abcb0215-7c47-4f7a-afe3-d974a324520b\">Descarc\u0103<\/a><\/div>\n\n\n\n<iframe loading=\"lazy\" src=\"https:\/\/docs.google.com\/presentation\/d\/e\/2PACX-1vQjM52Cc3e4H0Kk5tGsAO78hQq0waz9ZSpdu_tkKE-tMCFt6hNGqN4H5rk9-kVubg\/embed?start=true&amp;loop=true&amp;delayms=5000\" frameborder=\"0\" width=\"1920\" height=\"1110\" allowfullscreen=\"true\" mozallowfullscreen=\"true\" webkitallowfullscreen=\"true\"><\/iframe>\n","protected":false},"excerpt":{"rendered":"<p>POCU\/987\/6\/26\/154056 &nbsp;&nbsp; \u201d GAME &#8211; Genera\u0163ia Milenium, Activ\u0103 \u015fi Entuziast\u0103 prin activit\u0103\u0163i outdoor \u201d Conferin\u021ba final\u0103 a proiectului cu titlul: \u201eGAME \u2013 Genera\u021bia milenium activ\u0103 \u0219i entuziast\u0103 prin activit\u0103\u021bi outdoor\u201d<\/p>\n","protected":false},"author":1,"featured_media":0,"parent":0,"menu_order":0,"comment_status":"closed","ping_status":"closed","template":"","meta":{"footnotes":""},"class_list":["post-538","page","type-page","status-publish","hentry"],"_links":{"self":[{"href":"https:\/\/licecohd.eu\/index.php\/wp-json\/wp\/v2\/pages\/538"}],"collection":[{"href":"https:\/\/licecohd.eu\/index.php\/wp-json\/wp\/v2\/pages"}],"about":[{"href":"https:\/\/licecohd.eu\/index.php\/wp-json\/wp\/v2\/types\/page"}],"author":[{"embeddable":true,"href":"https:\/\/licecohd.eu\/index.php\/wp-json\/wp\/v2\/users\/1"}],"replies":[{"embeddable":true,"href":"https:\/\/licecohd.eu\/index.php\/wp-json\/wp\/v2\/comments?post=538"}],"version-history":[{"count":31,"href":"https:\/\/licecohd.eu\/index.php\/wp-json\/wp\/v2\/pages\/538\/revisions"}],"predecessor-version":[{"id":1332,"href":"https:\/\/licecohd.eu\/index.php\/wp-json\/wp\/v2\/pages\/538\/revisions\/1332"}],"wp:attachment":[{"href":"https:\/\/licecohd.eu\/index.php\/wp-json\/wp\/v2\/media?parent=538"}],"curies":[{"name":"wp","href":"https:\/\/api.w.org\/{rel}","templated":true}]}}